be 42/6 - (1 + -1). What is the greatest common factor of p and h?
7
Let z be -5*4/60 - (-2 - 15815/15). Calculate the highest common factor of 168 and z.
24
Suppose 4*o + 316 + 0 = 0. Let b = o + 72. Let w(z) = -23*z + 4. Let p be w(b). Calculate the highest common divisor of p and 15.
15
Let z = 163 + -49. Let a be (6/(-4))/(2/(-304)*3). What is the greatest common divisor of z and a?
38
Let x = 0 + 3. Let w be 29 - (8 + (8 - 11)). What is the greatest common divisor of w and x?
3
Let g be 978/2*11/((-264)/(-40)). Let q be (-128)/(-96) - g/(-3). Calculate the greatest common factor of 21 and q.
21
Let d = -83 + 158. Let g = -20 + d. Calculate the greatest common divisor of g and 10.
5
Let l be 390/9 - (-4)/6. Let r(p) = 195*p - 13594. Let x be r(74). What is the highest common divisor of l and x?
44
Let w = 97 + -54. Suppose w = 24*u - 77. Calculate the greatest common divisor of 120 and u.
5
Suppose -14*o = -88 + 18. Suppose 9*b = o*b + 36. Let r be (-5)/(10/3)*-2. What is the highest common factor of r and b?
3
Suppose -7 - 35 = -o - 5*h, -146 = -3*o - 5*h. Suppose 147*v - 1349 - 6 = 2467. Calculate the highest common divisor of v and o.
26
Let m(b) = b**3 - 2*b**2 - 31*b + 13. Let d be m(8). Suppose -13*k + d + 228 = 0. Let o = 481 - 278. Calculate the highest common factor of k and o.
29
Let t(a) = 17*a + 615. Let f be t(-35). What is the greatest common divisor of f and 226?
2
Let c = -20 - -25. Let j(z) = -37*z + 109. Let s be j(2). Calculate the greatest common divisor of c and s.
5
Suppose 64*z - 66*z + 2*v = -10, 4*z + 10 = -2*v. Suppose z = -5*t - 3*q + 1668, 4*q = t - 0*q - 352. What is the highest common divisor of 63 and t?
21
Suppose -4*f + 6 = -4*o + o, 6 = -3*o + f. Let v be (-52)/(-65) + o + 302/10. Calculate the greatest common factor of 232 and v.
29
Let t = 21540 + -21363. Calculate the greatest common factor of 2419 and t.
59
Suppose -k = 4, 20*z - 2*k = 25*z - 1672. What is the highest common divisor of 98 and z?
14
Let k(p) = 4*p**3 - 413*p**2 + 110*p - 235. Let w be k(103). What is the highest common factor of 216 and w?
54
Let z be (-113 - 31)/18 + (2 + -12834)/(-2). What is the greatest common factor of z and 4?
4
Suppose 26*p = 19*p + 42. Let v(y) = y**3 - 4*y**2 - 7*y + 24. Let r be v(p). Calculate the greatest common divisor of 810 and r.
54
Let z(y) = y**3 + 5*y**2 + 66*y - 273. Let c be z(4). Calculate the highest common divisor of 3570 and c.
15
Let s be 24/(20/(3640/39)). Calculate the highest common factor of 6104 and s.
56
Suppose -o = 2*o - l - 10, -5*o + 2*l = -17. Let c = o - -4. Suppose 0 = -s + 4, 2*s = -69*y + 70*y + 7. Calculate the highest common divisor of y and c.
1
Let w = -3 - -7. Let i be w/(-2) + 10 + -1. Suppose -716 = o - 723. What is the greatest common factor of i and o?
7
Suppose 84*u = 57*u - 87*u + 99180. Calculate the highest common factor of u and 60.
30
Let r = -4389 + 5544. What is the greatest common divisor of r and 3?
3
Suppose 140 = -6*x + 170. Suppose -4*a + t = -57 - 60, t - 153 = -x*a. Calculate the highest common divisor of 690 and a.
30
Let h be 603872/18704 + 1/((-7)/2). Let x be 2 + 5/((-10)/(-364)). What is the highest common divisor of x and h?
8
Let w = -689 - -817. Calculate the highest common divisor of w and 1072.
16
Let g(x) = x**3 + 49*x**2 + 330*x + 102. Let o be g(-41). What is the highest common factor of o and 650?
10
Let a be (-35)/(-14)*-56*(-18)/60. Calculate the greatest common divisor of a and 60.
6
Let n be 882/(-28)*((-10)/3 - -2). What is the greatest common factor of 4074 and n?
42
Suppose -2 + 2 = -2*y. Let a be 1*134 - (y/6)/(-6). Let j = -70 + a. Calculate the highest common divisor of 32 and j.
32
Suppose 1569500 = 120*g + 172*g. Calculate the greatest common factor of g and 430.
215
Let p = 232 - 460. Let d = p + 239. What is the highest common divisor of 22 and d?
11
Let b(x) = 7*x**2 + x - 12*x - 7 - 5*x**2 - 26. Let i be b(9). What is the greatest common divisor of 150 and i?
30
Suppose -288 = 23*q + q. Let c(p) = -26*p + 39. Let a be c(q). Let s = 34 + 5. What is the greatest common divisor of s and a?
39
Suppose 0*x - 5*x = -20. Let g be -5*(x/20 - -1). Let i = 7 - g. What is the highest common divisor of i and 52?
13
Let k = 10 + -7. Let c = 5170 - 5168. Suppose -r - 42 = -k*y, -c*y + 0*y + 28 = 2*r. Calculate the greatest common factor of y and 35.
7
Suppose 0 = -p - 2 + 6. Suppose -p = 5*f - 34. Suppose -f = g - 20. What is the greatest common factor of 21 and g?
7
Let q be 11/1 - 4/1. Let k = q + 11. Suppose 36 = 3*b - 0. What is the highest common factor of b and k?
6
Let n(c) = c + 1. Let w be n(1). Let h(o) = -o**3 + 80*o - 3*o**2 + o**2 - 67*o + 18 + 7*o**w. Let y be h(7). What is the highest common divisor of y and 121?
11
Suppose 150*s - 47069 = 25*s + 113056. Calculate the highest common divisor of s and 168.
21
Suppose -15*a + 12*a + j + 824 = 0, -2*a = 4*j - 582. Calculate the highest common divisor of 11 and a.
1
Suppose -425*o + 4050 = 1981 - 4306. What is the greatest common divisor of 123 and o?
3
Let d be 528/99*(-17826)/(-16). Calculate the highest common factor of 2 and d.
2
Suppose 2*n + 5*a - 68 = a, 3*a + 57 = 3*n. Suppose -5*o - 1108 + 226 = -4*x, -2*o = -3*x + 672. Calculate the highest common divisor of n and x.
12
Let w be (-4070)/(-8) - (-6)/((-216)/63). What is the greatest common divisor of 117 and w?
39
Let x be 4/(-6)*(-750)/(-50). Let j(l) = -11*l + 179. Let b be j(x). Calculate the greatest common factor of 34 and b.
17
Suppose 4*q + t - 823 = 0, 24 = -4*t + 36. Calculate the highest common divisor of q and 45.
5
Let p(b) = -21*b - 66. Let o be p(-5). Suppose 41*x - 36 = o*x. Calculate the greatest common factor of 2 and x.
2
Let t(z) = 3*z**2 + 56*z - 534. Let y be t(-28). What is the highest common factor of 12875 and y?
125
Let w be 1140217/1893 + (16/15 - (-2)/(-5)). Calculate the highest common divisor of w and 871.
67
Suppose -f = -5*l + 43, 2*l + 5*f - 1 = -0. Let b(m) = 28*m - 96. Let t be b(l). Calculate the greatest common factor of 64 and t.
64
Suppose 0 = -5*o + 5*u - 503 + 548, -4*u - 12 = 0. Suppose 3*l = -15, 23 = k - 5*l - 28. Calculate the highest common divisor of k and o.
2
Let d(z) = -z**3 - 22*z**2 + 21*z - 3. Let k be d(-24). Suppose -55*b - k = -58*b. Calculate the greatest common divisor of b and 86.
43
Let w be ((-44)/(-88))/(-2*(-1)/(-4)) - -705. What is the greatest common factor of w and 440?
88
Suppose 594 = 5*f - t, 2*t = -f + 142 - 21. What is the greatest common factor of f and 374?
17
Let o(r) = -19*r + 1070. Let j be o(56). Calculate the highest common factor of j and 1410.
6
Suppose 3*w - 2*w + f - 28 = 0, -5*w = -4*f - 113. What is the highest common factor of 2825 and w?
25
Let c(u) = -3 + 23 - 3*u + 8*u**3 - 4 - 9 - 2*u**2. Let r be c(2). Calculate the greatest common divisor of r and 95.
19
Let f be 15/(-25) + (12963/5 - (-8 + 8)). What is the highest common divisor of 36 and f?
36
Let d = -474 - -845. Let f(g) = g**3 - 118*g**2 + 567*g - 219. Let w be f(113). What is the greatest common divisor of d and w?
7
Let p be -10 + 5 + (-6 - -1). Let j be 8/p*315/(-42). Let d = -2 + 4. What is the greatest common factor of d and j?
2
Let a(i) = -33*i + 728. Let l be a(16). What is the highest common factor of 1700 and l?
100
Let m = 840 + 1248. What is the greatest common factor of 72 and m?
72
Suppose -67*g + 19 + 60616 = 0. What is the highest common divisor of g and 10?
5
Suppose -o + 4*f = -0*f - 7, 5*o + 4*f - 107 = 0. Let r be 57/(3 - 11 - -9). Calculate the highest common divisor of o and r.
19
Suppose -2246 = -111*i + 1417. Let w(z) = 7*z**2 + 2*z + 1. Let n be w(4). What is the highest common divisor of i and n?
11
Let f(c) = -9*c - 27. Let r be f(-4). Let a(i) = -2*i**2 + 23*i - 38. Let b be a(r). Calculate the highest common factor of 133 and b.
7
Let w(f) = -f**3 - 78*f**2 + 73*f - 420. Let d be w(-79). What is the highest common factor of 7344 and d?
54
Let v(f) = -f**3 + 13*f**2 - 24*f + 337. Let k be v(13). Let l be ((-2)/1)/((-2)/19). Let u = k - l. What is the greatest common factor of u and 2?
2
Let q = 567 - -553. Suppose -q = 3*n - 7*n. Let g be (((-90)/24)/1)/(42/(-392)). Calculate the greatest common factor of g and n.
35
Let h(u) = -9*u + 2. Let d be